*k + 2*s. Suppose 0 = 46*q - 47*q + k. Calculate the highest common divisor of q and 5.
1
Let h be -118 - (5 - (5 + 3)). Let v = h - -121. Calculate the highest common divisor of v and 6.
6
Let j = -135 - -154. Suppose 31*t - 192 = j*t. What is the greatest common factor of t and 40?
8
Suppose 71573 + 93377 + 113000 = 170*k. Calculate the greatest common factor of 15 and k.
15
Let u be (0/4 - -21) + (-55 - -62). What is the highest common divisor of 1533 and u?
7
Let b(v) = 108*v + 2292. Let f be b(-21). Let l(a) = 492*a**3. Let d be l(1). What is the highest common divisor of f and d?
12
Let r be 63200/90 + 9 - (-2)/(-9). Suppose 3*w - r = -183. What is the greatest common divisor of 16 and w?
16
Suppose 0 = 5*f + 4*i - 30, 2*f + 0*i = -2*i + 14. Suppose 158 - 68 = 10*c. What is the highest common divisor of f and c?
1
Let n be (-1475)/(-5)*(-1)/(-3) + (-4)/(-6). Calculate the highest common factor of 639 and n.
9
Suppose 41*i - 173 - 1918 = 0. Suppose -1613 = -4*r + i. What is the greatest common factor of 26 and r?
26
Suppose -47*o - 282 + 1850 = -500. What is the highest common divisor of o and 1243?
11
Let q(g) = 125*g**3 - g + 1. Let t be q(1). Let m be (-4)/18 + -17 + (-1180)/(-45). Let a be 15 - m - (-396)/9. Calculate the greatest common factor of t and a.
25
Let d = -6279 - -6297. What is the greatest common divisor of d and 2286?
18
Let o be (-1 - (1 - 1))*-99. Let w be 951/(-5072) - (-179)/16. Calculate the highest common divisor of w and o.
11
Suppose 4*w - 1753 = 39*u - 40*u, 4*u + 28 = 0. Calculate the greatest common divisor of w and 11330.
110
Suppose 12*k + 882 = 117*k - 7*k. Calculate the greatest common factor of 117 and k.
9
Let d be (-2)/7 + 60/14. Let g = -798 + 800. Suppose -g*q = d*q - 24. What is the highest common divisor of 36 and q?
4
Let u(m) = -m**2 - 18*m - 36. Let o be u(-15). Suppose -57 = -10*j + o*j. Calculate the greatest common divisor of j and 399.
57
Let y = 8798 + -8792. What is the greatest common divisor of y and 8250?
6
Suppose 0 = -4*j + 5*m + 52, j + m = 7 + 6. Suppose 5*q + j = -v, q - 21 = 5*v - 86. What is the highest common divisor of 21 and v?
3
Let d(m) = 142*m + 156. Let w be d(6). What is the highest common factor of 42 and w?
42
Suppose 3*o - 4*h + h = -585, 3*o + 553 = -5*h. Let d = o + 281. Let z = -30 - -39. What is the highest common divisor of d and z?
9
Let m = 181 + 4. Suppose 5*i = 530 - m. What is the highest common divisor of 23 and i?
23
Suppose 0 = -3*n - 5*k + 761, 4*n - 8*k - 1011 = -11*k. Calculate the highest common factor of n and 4968.
36
Let u(q) = 26*q**2 + 12*q + 61. Let k be u(-8). Suppose -1625*b - 180 = -k*b. Calculate the highest common divisor of b and 72.
9
Let u(i) be the second derivative of i**5/20 - 17*i**4/6 - 73*i**3/6 + 23*i**2 - 45*i. Let x be u(36). Calculate the highest common divisor of 370 and x.
10
Suppose c + 23*g = 26*g + 580, -2*g + 1795 = 3*c. Calculate the highest common factor of 1071 and c.
119
Suppose -o + 1497 = 5*l - 15085, -o = -l + 3308. What is the highest common divisor of 17 and l?
17
Suppose 22 + 22 = 3*l - 2*u, -3*l + 3*u + 45 = 0. Suppose -418 = 13*y - l*y. Calculate the highest common divisor of 76 and y.
38
Suppose 11*r - 16*r + 4*a + 36 = 0, 0 = -3*r - 3*a. What is the greatest common factor of 147 and r?
1
Suppose 18*b - 59*b - 3*b + 18800 = 50*b. Suppose 7*j = 2*j + 600. What is the greatest common factor of j and b?
40
Suppose -5*o = 27*o - 38272. Calculate the greatest common factor of o and 276.
92
Let k = 37 + -19. Let q(n) = -19*n + 57*n + k*n - 9 - 7. Let o be q(5). Calculate the greatest common divisor of o and 24.
24
Suppose 8*n - 10*n + 3*j = -10, -3*n + 15 = j. Suppose -2*z + n*c + 21 = -35, 3*z = 3*c + 75. What is the greatest common divisor of z and 1081?
23
Let z be -8 + -3*6/(-9). Let d(r) = -11*r + 222. Let p be d(z). Calculate the highest common divisor of 36 and p.
36
Let v be ((-20)/(-2) - (-1458)/(-135))*-430. Calculate the greatest common factor of 559 and v.
43
Let q be 2/7 - (-346)/14. Suppose 3*k - 72 = -a, 49 + 32 = 3*k - 2*a. Suppose 6*n = -k*n + 310. Calculate the greatest common factor of n and q.
5
Let w = 5851 - 5794. What is the highest common divisor of w and 114?
57
Let p(v) = 32 + 10*v - 5*v + 9*v - 106. Let r be p(11). Calculate the greatest common factor of 20 and r.
20
Suppose -32*v - 93 = -436 - 617. Calculate the greatest common divisor of 126 and v.
6
Let k = -204 + 210. Let i be (3/(-4))/(k/(-768)). What is the highest common divisor of i and 108?
12
Suppose -5*y - 5*i = -255, 2*y - 9*i + 7*i - 122 = 0. Calculate the greatest common divisor of y and 136.
8
Suppose -354 = -6*q - 60. Calculate the greatest common divisor of 553 and q.
7
Suppose 0 = -8*u + 4*x + 232, 19*u - 14*u + 3*x = 134. What is the highest common factor of u and 8764?
28
Let k(a) = -a**2 + 173*a - 5799. Let y be k(114). What is the highest common divisor of y and 234?
9
Let c be 5612 - (-10 + (6 - 10)). What is the highest common divisor of 58 and c?
58
Let l be (-2 - 28)/5 + (7 - -44). What is the greatest common factor of 1062 and l?
9
Let j = 7 + 3. Let y(g) = 3*g**2 + 34*g + 5. Let s be y(-13). Suppose 2*b - 42 = t, -3*b + 2*t = -3*t - s. Calculate the greatest common divisor of b and j.
10
Let h be (0 - (-1)/(-1))/(-1). Let b(m) = -537*m - 556*m + 1138*m. Let a be b(h). Calculate the highest common divisor of a and 9.
9
Suppose 3*y = 120 - 18. Let u(v) be the second derivative of 16*v**3 + 3*v**2 + 17*v + 1. Let t be u(1). What is the greatest common divisor of t and y?
34
Let t be (-964)/(-36) + (-20)/18 + 16/12. Let q be ((-6)/10)/((-2)/10). What is the highest common factor of q and t?
3
Let z = -78 + 75. Let v be (4 - 3)*z + 19. Let d = v - 11. What is the greatest common factor of d and 45?
5
Suppose -40*u + 3055 = -27*u. Suppose 5*q - 2*s + 25 = u, -2*q + s + 84 = 0. Suppose 2*r - 13 - 1 = 0. What is the greatest common factor of r and q?
7
Let o(d) = 5*d**2 - 2*d**2 - 6 + 1 - 9*d + 16*d. Let s be o(3). Suppose -3*j = 5*u - 241 + s, -4*u + 2*j = -154. What is the greatest common factor of 26 and u?
13
Suppose -6*v + 130 = 4*v. Suppose -m + 22 = -6. Suppose -t + 2*g = -m, -3*g + 53 = 3*t - v. Calculate the greatest common divisor of 216 and t.
24
Let n be 146/(12/(-9) + 2/(-3)). Let x = n + 47. Let l = 42 + x. What is the highest common divisor of 4 and l?
4
Let d(s) = 2597*s - 1670. Let r be d(5). Calculate the highest common factor of r and 310.
155
Let t(d) = -3*d**3 + 17*d**2 + d - 12. Suppose -o - 34 = -39. Let q be t(o). What is the highest common divisor of q and 387?
43
Let g = 22951 - 22948. Suppose -c + 6*c - 45 = 0. What is the greatest common factor of g and c?
3
Suppose -11*z = 12*z + 69. Let b be 1 + (41 - 6/z). Suppose 0 = 6*r - 2*r + 2*j - 44, 0 = 5*j. What is the greatest common factor of b and r?
11
Suppose 0 = 16*s + 629 - 4741. Let i = -221 + s. Calculate the greatest common factor of i and 48.
12
Let d(x) = 341*x + 3105. Let v be d(-9). What is the highest common factor of 7596 and v?
36
Let l(m) = -61*m + 1434. Let y be l(20). Calculate the highest common divisor of y and 10.
2
Suppose k - 105 = 3*s - s, 5*k + 2*s = 489. Let u be (-240)/(-10) + -10 - (-5)/(-1). What is the highest common factor of k and u?
9
Let t(v) = -18*v + 4*v**2 + v - 2 + 0*v**2. Let k = 25083 + -25078. Let m be t(k). What is the greatest common divisor of 13 and m?
13
Let a be 398/3 - 2/(-6). Let n = a + -79. Suppose -5*i = -35 + 5. What is the highest common divisor of i and n?
6
Suppose -3*z = 51*n - 56*n - 45, 0 = -4*z + 2*n + 60. Let u(a) = -a + 12. Let b be u(7). What is the highest common divisor of b and z?
5
Suppose d - 5*u - 25 = 0, -1 = -5*d - 4*u - 21. Suppose -9*h + 56 + 3112 = d. What is the greatest common factor of h and 11?
11
Let t be (-1059)/(-12) - 72/288. What is the highest common factor of t and 33?
11
Let q = 528 + -447. Suppose 54 = 2*m - 13*v + 8*v, q = 3*m - 3*v. Calculate the greatest common divisor of 1188 and m.
27
Let d = -1978 - -2223. Calculate the greatest common divisor of 1274 and d.
49
Suppose -2*a - 134 = -3*k, 5*k - 4*a + 62 = 288. What is the greatest common divisor of k and 490?
14
Let q = -1064 - -675. Let o = 412 + q. What is the highest common divisor of o and 1?
1
Sup